j) = 2*j**3 + 22*j**2 + 6*j + 77. Suppose 3359 = -15*i + 3194. Determine g(i).
11
Let t be (-27 - -26)/(-6 - (-200)/35). Let u(m) be the first derivative of 0*m - 27 - t*m**2 + 5/3*m**3 + 1/4*m**4. What is u(-6)?
6
Suppose -4*i = -4*p - 3*i + 5, 2*i = -2*p. Let h be ((-1)/(-2)*-2*p)/(-1). Let z(f) = 4*f**3 + f**2 - 2*f + 1. What is z(h)?
4
Let z(n) = 12*n + 229. Suppose -1806*d + 1779*d - 513 = 0. Give z(d).
1
Let a(i) = -i - 3. Let b be a(5). Let h(f) = 14*f - 5. Let k(n) = -9*n + 3. Let s(g) = b*k(g) - 5*h(g). Let d(u) = 176*u + 1405. Let z be d(-8). Give s(z).
-5
Suppose 43*s + 465 = 12*s. Let l(q) = q**3 + 15*q**2 + 4*q + 63. Let c be l(s). Let u(a) = 2*a**3 - 5*a**2 - 2*a + 4. What is u(c)?
7
Let i(h) = h**3 - 11*h**2 + 3*h + 1. Suppose 0 = 5*c + 18*p - 13*p - 50, 0 = -p. Determine i(c).
-69
Let l(n) = 2*n**2 - 4*n + 4. Suppose -21 = 4*t - 9. Let q = -261 - -263. Let a(d) = d**2 - 3*d + 4. Let u(v) = q*l(v) + t*a(v). Give u(0).
-4
Suppose -10 = x - 3*x. Let h(o) = x*o + 6 - 4*o + o. Let d = 37 + -43. Determine h(d).
-6
Let f be (-4)/(-3)*(-63)/(-6). Suppose r - f = -r. Let i(k) = k**2 - 3 + 0 + 18*k + 2 - 2*k + 2 - 22*k. Determine i(r).
8
Let o(y) be the second derivative of y**6/720 - y**5/120 + y**4/12 + 5*y**3/6 + 8*y - 9. Let k(q) be the third derivative of o(q). Give k(4).
3
Let d(x) be the first derivative of x**4/4 - 2*x**3/3 - x**2/2 - 4*x - 6749. Let i = -8 - -11. Calculate d(i).
2
Let x(l) = l**2 + 16*l - 1. Let n(z) = 3*z**2 + 43*z + 6. Let g(q) = -n(q) + 2*x(q). Let a = 2 - 12. Give g(a).
2
Let f(a) be the first derivative of -a**4/4 + 11*a**3/3 - 8*a**2 - 10*a - 1. Suppose 3175*r = 3176*r + n - 22, -49 = -4*r - n. Determine f(r).
8
Let w(c) = -c**2 + 5*c + 5. Let q be 4/(-14) - 4/((-84)/111). Suppose 25 = -d - 4*d, 0 = -q*b - 5*d. Calculate w(b).
5
Let g(l) = 4*l + 3. Let j(t) = 15*t + 80. Let q(v) = 5*g(v) - j(v). What is q(22)?
45
Let p(d) = 7*d + 19789 + 19789 - 39571. Give p(-2).
-7
Let f be (9*(-16)/120)/(-2 - 12/(-10)). Let t(n) be the second derivative of f*n**2 - 4*n + 0 - 1/12*n**4 - 2/3*n**3 + 1/10*n**5. Determine t(2).
7
Let x(a) = 2*a**3 - 178*a**2 - 177*a - 268. Let w be x(90). Let q(p) be the first derivative of -36 + 6*p + 3*p**w - 1/3*p**3. What is q(7)?
-1
Let j(i) be the second derivative of -i**5/20 + 5*i**4/6 + 5*i**3/3 - i**2/2 - i. Let u(r) = 3*r**2 - 28*r - 1420. Let y be u(27). Give j(y).
-12
Suppose 3*p = 17 - 2. Suppose -3*r + 2*r - 8 = 4*o, -2*r - o + p = 0. Let i(c) = -2*c**2 + 4*c - 6. Calculate i(r).
-22
Let b(u) = -4*u + 172. Let n = 74 - 33. Let r be b(n). Let o(t) = t**2 - 11*t + 5. What is o(r)?
-19
Let j be (-1 + 15)/(-2 - -4). Let y = -1036 - -1038. Let h(v) = 16*v + 4 - 27*v + j*v**y + 12*v - v**3 - 5. What is h(7)?
6
Let p(h) be the third derivative of -h**6/120 - h**5/15 - h**4/4 - 5*h**3/6 + 2*h**2 - 509. What is p(-4)?
19
Let t be 128/68 + 3/(102/4). Suppose 2*g = -2*o + t, -2*o - 3*g = 2*o - 3. Suppose 3*a - 17 = 4*z - o*z, -5*a - z = 10. Let r(i) = 8*i**2. Calculate r(a).
8
Let g = -7804 + 7805. Let f(u) = 30*u**3 - 3*u**2 - 2*u + 3. Give f(g).
28
Let n = -5401 - -5406. Let o(x) = 8 - 5 - 1 + 3 - 3*x. What is o(n)?
-10
Let o(p) = -7 - 36 + 87*p - 84*p + 22. Calculate o(-11).
-54
Let s(i) = -19*i. Let g = -261 + 273. Let m be -3 + g + -7 + -3. What is s(m)?
19
Let c(h) = -1 + 3 - 1 - 5*h. Let k = 595 + -555. Let w be (24/k)/((-7)/35). What is c(w)?
16
Let d(r) = -r + 8. Let i be ((-48)/(-5))/(4/20). Suppose 3 + i = 3*v. Suppose -3*k + v = 5. Calculate d(k).
4
Let j(d) = 13*d**2 - 67*d + 6. Let u(z) = -66*z - 4219. Let k be u(-64). Give j(k).
-4
Let o(a) = 4*a**2 + 3*a + 13 - 2*a + a - a. Let p(j) be the third derivative of -j**5/30 - 7*j**3/6 - 17*j**2 - 2*j. Let i(s) = 6*o(s) + 11*p(s). What is i(-4)?
9
Let j(c) = -c**3 - c**2 + c + 1. Let i be j(0). Let l be (-3 + -2 + 3)/i. Let w(m) = -4. Let q(d) = -d + 23. Let p(s) = q(s) + 6*w(s). Determine p(l).
1
Let u(f) = -2*f**3 + 2*f**2 + f. Let r = 208 - 169. Let i = 10 - 47. Let b = r + i. Give u(b).
-6
Let o(a) = -15*a**3 - a + 1. Suppose 33*k - 42 = -9*k. Let h = 2 - k. Calculate o(h).
-15
Let u be 3*(-1)/(-3 + 0). Suppose -2*z - 4*m = -14, 4*m + u + 6 = 5*z. Let b(k) = 6*k + 3 + 12*k + 2*k**2 - 22*k. Determine b(z).
9
Let f(n) = -58*n**3 + 28*n**2 - 184*n - 82. Let c(m) = -6*m**3 + 3*m**2 - 21*m - 9. Let g(y) = -19*c(y) + 2*f(y). Determine g(-4).
-5
Let c(i) = -i + 1. Let k(u) = 2*u**2 - 10*u - 9. Suppose 39*x = 37*x + 12. Let l be k(x). Let d(v) = -v**2 - 6*v + 5. Let j(h) = l*c(h) - d(h). Give j(-5).
8
Let d(j) be the first derivative of -j**4/4 + 16*j**3/3 + 15*j**2/2 + 9*j + 287. Determine d(17).
-25
Suppose -1421*q + 232 = -1479*q. Let k(f) = f**2 - f - 1. Let h(w) = -3*w**2 + 5*w + 8. Let s(z) = h(z) + 4*k(z). What is s(q)?
16
Let q(v) = -v - 1. Let d(y) = 30*y + 25. Suppose -20*j = -38 - 2. Let i(n) = j*d(n) + 50*q(n). Determine i(-1).
-10
Suppose -a = -2, 2*i + 0*a = a - 2. Let j(n) be the second derivative of i*n**2 + 1/12*n**4 + 0 - 5*n + 0*n**3. Give j(3).
9
Let b(n) be the second derivative of -2*n**3/3 - n**2/2 - 155*n. Suppose -w - 6 = -4*w. Suppose 0 = a - 3 + w. What is b(a)?
-5
Let a be (1 + (-7)/2)/(10/(-4)). Let v(s) = -s**3 + s**2 - 3*s + 2. What is v(a)?
-1
Let c(f) = -11295*f - 94 - 761 + 53 + 11181*f. What is c(-7)?
-4
Suppose 3*h = i + 9, 4*i - 5*h + 23 - 8 = 0. Let p(v) = i + 5*v - 3*v + 6. Let y(g) = 730*g - 1465. Let f be y(2). What is p(f)?
-4
Let q(k) = k**3 - 15*k**2 + 15*k - 4. Let i be q(13). Let d be (-6 + -1)*42/i. Let o(j) = 9 + j - 7 + j**d + 0*j. Give o(0).
2
Let z(t) = t**3 + 5*t**2 + 4*t - 1. Let c be z(-3). Let v(r) be the first derivative of 0*r + 1/2*r**2 - 7. Determine v(c).
5
Suppose z = 14*z - 1157. Let f = 90 - z. Let n(j) be the third derivative of -j**5/20 + j**4/24 + 4*j**2. Calculate n(f).
-2
Let l(x) = x**2 - 2*x - 1. Let u(k) = 20*k**2 + 3*k + 4. Let d(z) = 6*l(z) - u(z). Let s(f) = -9*f**2 - 10*f - 6. Let v(q) = -5*d(q) + 8*s(q). Calculate v(-4).
-10
Let g(r) be the first derivative of 27*r**2/2 - 8*r + 1195. Determine g(2).
46
Let h(u) = -15 + 6*u + 14 + 5*u. Suppose -4 = -5*k + 3*k. Suppose 5 = 3*o + k*o. Determine h(o).
10
Suppose -k = -3 - 35. Let t(g) = -2*g + 7*g - 2*g + 24 - k - 6*g. Calculate t(-6).
4
Let l(o) = 1102*o + 2202. Let m be l(-2). Let y(d) = -14*d**3 + 4*d**2 + 2*d - 1. Determine y(m).
123
Let t(y) = -y**3 - 4*y**2 + 3*y + 1. Suppose 8*u - 16 = -0. Suppose 3 = g, 2*g + 0*g - 16 = u*z. Determine t(z).
11
Let i(z) = 37*z + 2*z**2 + 3116 - 8*z - 3129 - 30*z**2 - 2*z**3. What is i(-15)?
2
Let l(m) = m**3 + 5*m**2 - 5*m + 24. Let i be l(-6). Suppose 4*x + 4*j - 57 = -x, 3*j = 3*x - i. Let w(o) = o**3 - 9*o**2 - 2*o + 10. Determine w(x).
-8
Let s(p) = -p**3 - 5*p**2 - 4*p + 2. Suppose 0 = 13*c + 2696 + 2283. Let r = c + 379. Determine s(r).
2
Let m = -436 - -439. Let h(x) = -112 + 2*x + 0*x + 63 + 59 - x**m - 11*x**2. Calculate h(-11).
-12
Let j = 8 + -5. Suppose j*m = 7*m - 12. Let b(w) = -2*w**3 + 2 + 5*w**2 - 7 + 3 + 0 + 15*w - 16*w. Determine b(m).
-14
Let f(g) = -3*g**2 + 27*g + 7. Let l be f(9). Let z(s) = s - 23*s + l*s + 0*s + 1. Determine z(-1).
16
Let b(v) be the third derivative of -v**5/12 - v**4/3 + 7*v**3/6 + 12*v**2. Let q(y) = 6*y**2 + 9*y - 9. Let j(i) = 5*b(i) + 4*q(i). Calculate j(-3).
2
Let q(y) = -2*y**2 + 6*y - 5. Suppose -2*d - 2*d = 0. Let t = -1367 - -1363. Let m be -4*(-1 - d/t). Give q(m).
-13
Let x(b) = 381*b + 366*b + b**2 - 19 - 760*b. Determine x(14).
-5
Let p(k) = -k**2 + 8*k + 36. Suppose -25 = 12*f - 14*f + 3*j, -5*f + 51 = 4*j. What is p(f)?
3
Let s(f) = -f**2 + 10*f - 6. Let t(r) = 2*r**2 - 10*r + 2. Let v be t(6). Let w be 144/v - (-9)/126*-4. Calculate s(w).
-6
Let c = -12004 + 11998. Let i(f) = -2*f**3 - 13*f**2 - 5*f + 5. Give i(c).
-1
Let d(h) be the first derivative of h**4/4 + 5*h**3/3 + 3*h**2/2 + 4*h - 521. Determine d(-4).
8
Suppose 2*g + 3*x = -28, 47*g + 4*x + 32 = 45*g. Let o(j) = -2*j**2 - 16*j - 13. Determine o(g).
-13
Let y(x) = x**3 - 4*x**2 + 4*x - 6. Suppose i + 0*i = 0. Suppose i = -8*j + 43 + 53. Suppose j*k = 6*k + 24. Calculate y(k).
10
Let i be (20/15 - 0)/((-4)/(-18)). Let c(h) be the first derivative of -h**3/3 + 3*h**2 - 8*h + 331. Determine c(i).
-8
Suppose b + 13 = -5*l, -65 = 5*b + 7*l - 3*l. Let g(